 of 3992?
3
What is the thousands digit of 46220?
6
What is the hundreds digit of 547?
5
What is the hundreds digit of 4188?
1
What is the units digit of 12567?
7
What is the units digit of 22740?
0
What is the thousands digit of 2236?
2
What is the ten thousands digit of 49158?
4
What is the units digit of 1164?
4
What is the units digit of 524?
4
What is the thousands digit of 5476?
5
What is the tens digit of 13802?
0
What is the tens digit of 4775?
7
What is the thousands digit of 2381?
2
What is the hundreds digit of 12065?
0
What is the tens digit of 3504?
0
What is the ten thousands digit of 49321?
4
What is the tens digit of 1889?
8
What is the tens digit of 1568?
6
What is the ten thousands digit of 13544?
1
What is the tens digit of 29711?
1
What is the units digit of 3979?
9
What is the hundreds digit of 3756?
7
What is the units digit of 1149?
9
What is the thousands digit of 33818?
3
What is the hundreds digit of 8336?
3
What is the units digit of 8175?
5
What is the units digit of 798?
8
What is the hundreds digit of 14706?
7
What is the hundreds digit of 4066?
0
What is the units digit of 32179?
9
What is the hundreds digit of 12123?
1
What is the hundreds digit of 1914?
9
What is the ten thousands digit of 61443?
6
What is the ten thousands digit of 72557?
7
What is the units digit of 259?
9
What is the units digit of 51507?
7
What is the thousands digit of 6535?
6
What is the hundreds digit of 7618?
6
What is the units digit of 22442?
2
What is the tens digit of 2979?
7
What is the hundreds digit of 16178?
1
What is the thousands digit of 1203?
1
What is the hundreds digit of 19575?
5
What is the ten thousands digit of 42471?
4
What is the hundreds digit of 3447?
4
What is the tens digit of 286?
8
What is the tens digit of 16?
1
What is the thousands digit of 9793?
9
What is the tens digit of 1077?
7
What is the hundreds digit of 8665?
6
What is the units digit of 28565?
5
What is the tens digit of 549?
4
What is the ten thousands digit of 11672?
1
What is the ten thousands digit of 22191?
2
What is the tens digit of 17938?
3
What is the tens digit of 2754?
5
What is the thousands digit of 7514?
7
What is the tens digit of 52610?
1
What is the units digit of 6861?
1
What is the hundreds digit of 3271?
2
What is the tens digit of 12205?
0
What is the tens digit of 35664?
6
What is the ten thousands digit of 10434?
1
What is the units digit of 2560?
0
What is the thousands digit of 18398?
8
What is the thousands digit of 12401?
2
What is the ten thousands digit of 40649?
4
What is the tens digit of 11335?
3
What is the units digit of 7082?
2
What is the thousands digit of 19222?
9
What is the thousands digit of 20934?
0
What is the hundreds digit of 342?
3
What is the tens digit of 1453?
5
What is the hundreds digit of 6406?
4
What is the hundreds digit of 3676?
6
What is the tens digit of 385?
8
What is the ten thousands digit of 20484?
2
What is the tens digit of 34850?
5
What is the tens digit of 15666?
6
What is the tens digit of 4256?
5
What is the units digit of 32878?
8
What is the hundreds digit of 3878?
8
What is the tens digit of 11240?
4
What is the thousands digit of 1047?
1
What is the units digit of 4949?
9
What is the thousands digit of 4775?
4
What is the units digit of 653?
3
What is the tens digit of 5833?
3
What is the tens digit of 76797?
9
What is the ten thousands digit of 66162?
6
What is the units digit of 4174?
4
What is the hundreds digit of 68915?
9
What is the hundreds digit of 542?
5
What is the units digit of 24223?
3
What is the units digit of 5947?
7
What is the hundreds digit of 586?
5
What is the hundreds digit of 49281?
2
What is the tens digit of 786?
8
What is the hundreds digit of 18026?
0
What is the tens digit of 6987?
8
What is the units digit of 322?
2
What is the hundreds digit of 2781?
7
What is the units digit of 3948?
8
What is the tens digit of 1117?
1
What is the tens digit of 7467?
6
What is the tens digit of 318?
1
What is the tens digit of 220?
2
What is the hundreds digit of 864?
8
What is the units digit of 5029?
9
What is the tens digit of 1318?
1
What is the thousands digit of 17557?
7
What is the units digit of 4743?
3
What is the hundreds digit of 635?
6
What is the tens digit of 24787?
8
What is the thousands digit of 88603?
8
What is the units digit of 2381?
1
What is the units digit of 45721?
1
What is the units digit of 77398?
8
What is the units digit of 56120?
0
What is the units digit of 4441?
1
What is the tens digit of 3587?
8
What is the units digit of 82395?
5
What is the hundreds digit of 628?
6
What is the hundreds digit of 7886?
8
What is the thousands digit of 7603?
7
What is the hundreds digit of 3066?
0
What is the ten thousands digit of 51754?
5
What is the ten thousands digit of 15240?
1
What is the units digit of 3535?
5
What is the ten thousands digit of 109303?
0
What is the tens digit of 16425?
2
What is the units digit of 181?
1
What is the hundred thousands digit of 141668?
1
What is the thousands digit of 1192?
1
What is the thousands digit of 1319?
1
What is the hundreds digit of 2322?
3
What is the tens digit of 1744?
4
What is the hundreds digit of 5727?
7
What is the units digit of 9753?
3
What is the thousands digit of 25963?
5
What is the units digit of 2106?
6
What is the hundreds digit of 1512?
5
What is the tens digit of 1388?
8
What is the thousands digit of 3850?
3
What is the thousands digit of 55125?
5
What is the units digit of 19345?
5
What is the units digit of 53630?
0
What is the units digit of 64952?
2
What is the units digit of 2645?
5
What is the tens digit of 3831?
3
What is the thousands digit of 45621?
5
What is the tens digit of 2837?
3
What is the tens digit of 13586?
8
What is the ten thousands digit of 17123?
1
What is the units digit of 579?
9
What is the units digit of 173?
3
What is the hundred thousands digit of 162566?
1
What is the ten thousands digit of 31065?
3
What is the ten thousands digit of 34723?
3
What is the hundreds digit of 22226?
2
What is the hundreds digit of 257?
2
What is the tens digit of 191?
9
What is the hundreds digit of 8687?
6
What is the tens digit of 3728?
2
What is the tens digit of 81?
8
What is the ten thousands digit of 44937?
4
What is the tens digit of 19771?
7
What is the tens digit of 120673?
7
What is the units digit of 6953?
3
What is the units digit of 616?
6
What is the units digit of 8359?
9
What is the units digit of 23?
3
What is the hundreds digit of 1100?
1
What is the hundreds digit of 349?
3
What is the tens digit of 25985?
8
What is the tens digit of 417?
1
What is the ten thousands digit of 11088?
1
What is the tens digit of 90508?
0
What is the units digit of 2299?
9
What is the units digit of 107?
7
What is the units digit of 346?
6
What is the units digit of 182?
2
What is the thousands digit of 21804?
1
What is the tens digit of 150?
5
What is the units digit of 14493?
3
What is the ten thousands digit of 21226?
2
What is the tens digit of 33887?
8
What is the hundreds digit of 164903?
9
What is the thousands digit of 22426?
2
What is the units digit of 1561?
1
What is the units digit of 1490?
0
What is the hundreds digit of 656?
6
What is the tens digit of 84623?
2
What is the hundreds digit of 920?
9
What is the tens digit of 163?
6
What is the hundreds digit of 473?
4
What is the tens digit of 27?
2
What is the hundreds digit of 82501?
5
What is the units digit of 503?
3
What is the hundreds digit of 13875?
8
What is the units digit of 79255?
5
What is the thousands digit of 105750?
5
What is the ten thousands digit of 22558?
2
What is the tens digit of 3773?
7
What is the hundreds digit of 38778?
7
What is the hundreds digit of 21801?
8
What is the hundreds digit of 20491?
4
What is the thousands digit of 55046?
5
What is the hundreds digit of 22777?
7
What is the tens digit of 1171?
7
What is the hundreds digit of 8748?
7
What is the units digit of 1?
1
What is the tens digit of 2799?
9
What is the hundreds digit of 1123?
1
What is the thousands digit of 1181?
1
What is the hundred thousands digit of 114036?
1
What is the hundreds digit of 3021?
0
What is the tens digit of 6815?
1
What is the thousands digit of 8003?
8
What is the hundreds digit of 4412?